0 = 5*h + 2*g - 53, j*h - 51 = -2*h - 4*g. What is the units digit of h?
1
Suppose 0 = 43*x - 6587 - 40283. What is the tens digit of x?
9
Let h be (-150)/(-35) - (-4)/(-14). Let g = 7 - h. Suppose -4*t - 2*j = -90, 2*t = -g*t + 4*j + 132. What is the tens digit of t?
2
Suppose 0 = -2*z - 0*j + j + 139, -3*z - 5*j = -202. Suppose 15*r = 804 - z. What is the units digit of r?
9
Let v = 29 - 26. Suppose -3*z = l - 154, -v*z + 3*l + 149 = 5*l. What is the tens digit of z?
5
Suppose -1707*t + 10065 = -1692*t. What is the units digit of t?
1
Suppose -4*g = -20, 4*y - 475 = y + g. What is the tens digit of y?
6
Let h = 110 - 44. Suppose -j = -5*q + 20 - h, 0 = -3*j - 12. Let o(c) = -2*c + 9. What is the units digit of o(q)?
9
Suppose 0 = -5*r - 0*b + 5*b + 55, -2*r - 3*b = -27. Suppose r = 4*o, -3*h + 0*h + 5*o + 174 = 0. What is the tens digit of h?
6
Let j = -7 - -9. Suppose -3*h - o = -5*h + 11, -5*h + 26 = -2*o. Suppose 0 = -j*y - 2*q + 5 + 21, 0 = -h*y + 5*q + 16. What is the units digit of y?
9
Suppose -155 = i - 173. What is the units digit of i?
8
Let a(n) = n + 2. Let r(x) = -x - 3. Let o(c) = -6*a(c) - 5*r(c). Let h be o(6). What is the tens digit of 49/(h/((-6)/2))?
4
Let y(w) = w - 14. Suppose 0 = -3*a + 3*q + 42, -19 - 72 = -5*a - 2*q. Let t be y(a). Suppose 7*v = 3*v + 12, 3*v = -t*o + 66. What is the units digit of o?
9
Let u = 4586 + -2980. What is the thousands digit of u?
1
Let b(p) = 11*p - 3. Let v(d) = -d**2 - 7*d - 10. Let r be v(-4). What is the units digit of b(r)?
9
Suppose 10*f - 253 = 21*f. Let t(w) = -w**2 - 30*w + 16. What is the units digit of t(f)?
7
Suppose 2*k - 204 = 4*k. Let s = -55 - k. What is the units digit of s?
7
What is the units digit of 10*(16/(-72) - (-1705)/18)?
5
Suppose d + p + 1 = -p, -2*p + 24 = -4*d. Let x = d + -13. What is the tens digit of 3 - x*2 - -3?
4
Let v(w) = w**3 + 17*w**2 + 5*w + 1. What is the hundreds digit of v(-7)?
4
Let l = 2089 - 550. What is the tens digit of l?
3
Let l(f) = f + 9. Let k be l(-6). Let r(z) = 2*z**3 - 3*z**2 + 7*z + 1. What is the units digit of r(k)?
9
Let y = 2 - -1. Suppose -d - 4*d + 352 = 4*q, 4*q - 352 = -y*d. Let p = q - 26. What is the units digit of p?
2
Let f(y) = -y**3 + 8*y**2 + 9*y + 11. Let h be f(9). Let p(b) = 2*b**2 - 17*b + 10. What is the units digit of p(h)?
5
Let c(g) = -4*g - 2. Let d be c(-1). Suppose d*h = 4*h - 2*z - 76, -5*z = h - 62. What is the tens digit of h?
4
Suppose 8*b - 374 = 666. What is the hundreds digit of b?
1
Let w(h) = -h**3 - 33*h**2 - 2*h - 48. What is the units digit of w(-33)?
8
Let r(o) = o + 31. Let k(g) = -g - 31. Let i(v) = 5*k(v) + 6*r(v). What is the units digit of i(-16)?
5
Let a be (-3)/(-6) + (-843)/(-6). Let c = -160 + 226. Let q = a - c. What is the tens digit of q?
7
Let o = 684 + 238. What is the hundreds digit of o?
9
Let f = -27 - -139. What is the hundreds digit of f?
1
Let d(a) = -a**3 - 13*a**2 + 6*a - 10. Let l(o) = o**3 + 12*o**2 - 6*o + 10. Let v(s) = -4*d(s) - 5*l(s). What is the units digit of v(-10)?
0
Let t = -41 + 39. What is the units digit of (-302)/(-8) + t/(-8)?
8
Suppose -6 = -5*a + 2*a. What is the tens digit of (66/12)/(a/12)?
3
Let r(z) = -z**3 + 7. Let s be r(0). Let a(b) = -b**3 + 8*b**2 - b - 2. What is the units digit of a(s)?
0
Suppose 4*r = p + 3*p - 8, 5*r = p - 2. Suppose r = -5*o + 41 + 4. What is the units digit of o?
9
Let y = 115 - 63. Suppose d - 2*d = -y. What is the tens digit of d?
5
Let o be (1 - 0 - -1) + (-6 - -19). Suppose 2300 = o*r + 5*r. What is the tens digit of r?
1
Let m = 1117 - 842. What is the tens digit of m?
7
Let q(r) = -126*r + 335. What is the thousands digit of q(-8)?
1
Suppose 15 = 5*s, b - s - 2*s + 50 = 0. Let g(u) = -u**2 + 32*u - 10. Let f be g(29). Let o = f + b. What is the units digit of o?
6
What is the units digit of (889/(-14) + 10)*-34?
9
Let f(w) = -14*w**3 - 74*w**2 + 34*w - 50. Let i(c) = -5*c**3 - 25*c**2 + 11*c - 17. Let s(b) = -6*f(b) + 17*i(b). What is the units digit of s(18)?
9
What is the hundreds digit of (-16)/20*-1295*35/14?
5
Let n = 15 + -14. Let y be (-15)/n*(-12)/18. Let t = y - 6. What is the units digit of t?
4
Let c = 7 - 3. Suppose -4*y + z = -c*z - 31, 4*y - 81 = -5*z. Suppose 16 - y = q. What is the units digit of q?
2
Let u = 143 - 153. Let r = 243 + u. What is the hundreds digit of r?
2
Suppose -191*l - 7833 = -198*l. What is the units digit of l?
9
Let m = -1 - -2. Let f be (-71 + 1 + m)*3. What is the units digit of 4/(-6) + f/(-27)?
7
What is the units digit of 497 + 6/7*126/36?
0
Suppose -3*x + 2*w = w - 149, -5*x = 2*w - 230. Let z = x - -42. What is the units digit of z?
0
Let a(o) = -4*o**2 + 1. Let b be 6/33 - (-92)/(-22). Let j(h) = -h. Let p(v) = b*j(v) - a(v). What is the units digit of p(-3)?
3
Suppose 9*p = -5*v + 7*p + 3100, 4*v - 2477 = -p. What is the units digit of v?
8
Suppose 0 = 5*q - 3*h - 291, h - 243 = -4*q - 0*h. Let j = -26 + q. What is the tens digit of j?
3
Suppose 1905 + 1299 = 6*v. What is the hundreds digit of v?
5
Suppose 190 = -2*k - 2*i, -4*k - 2*i + 99 - 477 = 0. Let g = 19 - k. What is the units digit of g?
3
Let y(r) = 6*r + 4. Let n(d) = -17*d - 13. Let w(x) = 16*x + 12. Let m(q) = -3*n(q) - 4*w(q). Let o(f) = -2*m(f) - 5*y(f). What is the units digit of o(-11)?
2
Let v be 2 + (-1)/(3/9). Let r be -3*(0/1 + v). What is the units digit of (1116/27)/(2/r)?
2
Let c(s) be the third derivative of -s**5/60 + 5*s**4/12 - 5*s**3/6 + 6*s**2. What is the units digit of c(4)?
9
What is the tens digit of 17 - 12 - 6873/(-3)?
9
Suppose -22*o + 1498 = -4882. What is the units digit of o?
0
Let t(k) = 12*k**2 - 2*k - 2. Suppose 4*i - 4*y = 24, -2*y - 3 = -i + 7. What is the units digit of t(i)?
2
Let o = -2635 - -5314. What is the thousands digit of o?
2
Let k(w) = -w**2 + 10*w - 7. Let g = 21 + -16. What is the units digit of k(g)?
8
Let f(j) = -j + 28. Let q be f(17). Suppose 0 = -15*u + q*u + 264. What is the units digit of u?
6
Suppose 0 = -29*u + 26*u + 10725. Suppose -11*g = -24*g + u. What is the tens digit of g?
7
What is the tens digit of (-20)/(-1)*13/(65/440)?
6
Let a = 14 - 9. What is the units digit of -3*a/10*-6?
9
Let h = 5418 - 1784. What is the tens digit of h?
3
Let h be ((-20)/6)/((-4)/294). Suppose -4*k = -9*k + h. What is the tens digit of k?
4
What is the hundreds digit of (-98)/392 + 1/(4/1069)?
2
Suppose 5*g = -4*g. What is the units digit of (g + 22)*2 - 3?
1
Let v(i) = -3*i**2 + 27*i - 25. Let j be v(8). What is the tens digit of (5 + -433)*j/2?
1
Let c = -14 + 416. Suppose -2*d = -4*x + c, -2*x - 3*d = 78 - 299. What is the hundreds digit of x?
1
Let w(i) = i**2 - 11*i - 8. Let a be w(9). Let f be (-242)/(-14) + a/91. Suppose 2*z - f = -3*n, 0 = -z - n - 0 + 6. What is the units digit of z?
1
Let c = 80 + 243. Let q = c - 195. Suppose 2*p = -2*p + q. What is the tens digit of p?
3
Let q(d) be the first derivative of 2/3*d**3 + 15*d - 11/2*d**2 + 10. What is the tens digit of q(7)?
3
Let k = 95 + -92. What is the units digit of (-105)/k*4/(-2)?
0
Let z(y) = -y**2 + 7*y - 4. Let l be z(5). Let b be -3 + l + 8 + 1. Let u = b - 8. What is the units digit of u?
4
Let h be 1 + ((-36)/4 - 1). Let a(c) = -c**3 - 8*c**2 + 9*c + 9. Let w be a(h). What is the tens digit of (-14)/(-1) - (w - 13)?
1
Suppose 3*m - 3*c = 21 - 6, 4*c + 16 = 2*m. What is the tens digit of 14 + -8 + 4 + m?
1
Suppose 839 = 2*t + 3*v, -4*t = 5*v - 284 - 1391. What is the units digit of t?
5
Suppose 3*v = 2*d - 9252, 124*d - 4*v = 129*d - 23153. What is the hundreds digit of d?
6
Let c(g) = g**3 + g**2 - 4*g + 1162. What is the units digit of c(0)?
2
Let d(m) = -7*m - 11. Let j be d(-2). Suppose 2*s = -s + k + 214, -s = j*k - 58. What is the units digit of s?
0
Suppose 5*i + 3*r = -16, -3*i + 7 - 17 = 2*r. Let j be 0 + 3 + 1 + i. Suppose 2*p - 2 = j. What is the units digit of p?
2
What is the tens digit of -2*(19/(-38))/((-1)/(-21))?
2
Let s(m) = 35*m**2 + 1. Let g(l) = -5*l - 27. Let p be g(-5). What is the tens digit of s(p)?
4
Let l = 2 - 1. What is the units digit of 6 + l - 21/(-7)?
0
Let q be -3*(-4)/(12 - 0). What is the tens digit of (9 - 2)*11*q?
7
What is the units digit of (-10)/(10/2)*-199?
8
Let u be 2 + (-9)/3 + -46. Let c = u + 130. What is the units digit of c?
3
Suppose -15 - 19 = -